se 0 = -2*s + 2 + 4. Let a(g) = 25*g**2 - g + 1. Is a(s) a composite number?
False
Let v = -34309 - -54246. Is v composite?
False
Suppose -5*t = -5*y - 45, -2*y - 2*y - 2*t - 6 = 0. Let h be (908/(-1))/(-6 - y). Suppose -2*j + h - 109 = d, 1704 = 5*d + 3*j. Is d prime?
False
Let d(m) = 26*m + 1229. Is d(0) composite?
False
Is (-3 - (-8 + 6))*-6595 prime?
False
Let f(k) = 3*k**2 - 2. Let z be f(-2). Suppose -q - z = -3*g, -3*g - 1 + 19 = 3*q. Suppose 131 = 3*c - q*c. Is c a prime number?
True
Let d be 76/6 - (-4)/(-6). Suppose w + 2*w = d. Suppose 0 = w*g + 4*y - 560, -g + 575 = 3*g + y. Is g a composite number?
True
Suppose -6 = 3*q + 3*v, -5*v - 12 = -2*v. Suppose -2*r = -r - q*h - 421, -5*r = 4*h - 2091. Is r a composite number?
False
Let c(q) = q**2 - 8*q + 4. Let p be c(8). Is 3*(p + (-170)/(-6)) composite?
False
Let k be 6/4*14630/33. Let f = 292 - k. Let o = -212 - f. Is o composite?
True
Let h be 4*(14/14 - (-2)/(-8)). Suppose h*o + 843 = 4*o. Is o composite?
True
Let o be ((-117)/13)/(2/(-78)). Let s = o - 160. Is s composite?
False
Let d(t) = -t**2 + 2*t + 2. Let c be d(-1). Let j be 717 - 1 - (c - -1). Suppose -5*g = -774 - j. Is g prime?
False
Suppose 3*k = k - 16. Let v be ((-68)/6)/(k/(-12)). Let j = 276 + v. Is j a composite number?
True
Let c(b) be the third derivative of -b**4/6 + 3*b**3/2 - 8*b**2. Is c(-10) prime?
False
Let r(t) = -t**3 + 11*t**2 - 8*t - 3. Suppose -2*i = -i - 4. Is r(i) a composite number?
True
Suppose 0 = 14*g - 226440 + 24826. Is g prime?
True
Suppose i = 3*g - 14729, 39*g - 37*g - 9812 = -3*i. Is g prime?
True
Let p(y) = 759*y**2 - 5*y + 6. Let o(g) = 1517*g**2 - 9*g + 11. Let k(i) = 3*o(i) - 5*p(i). Is k(1) prime?
True
Let j be 15968/20 - 6/15. Let g = j - 490. Is (3/(-2))/((-6)/g) a composite number?
True
Let p(o) = 2797*o + 500. Is p(5) composite?
True
Is (-7)/1 + (-27520)/(-8) prime?
True
Suppose -259*g + 208*g = -806565. Is g composite?
True
Let z(k) = 2*k + 19. Let y be z(-8). Suppose 4*u + 2*s + 418 = 0, -214 + 7 = 2*u + y*s. Let p = -52 - u. Is p a composite number?
False
Let i = 18 + -13. Suppose 0 = -i*m + 15, q + 4*m = 57 + 81. Suppose -q = -2*y + 8. Is y a composite number?
False
Let x = -44737 - -64182. Is x a composite number?
True
Let h = 72 + -66. Suppose 0 = -2*k - h, 5*v + 3*k = 578 + 298. Is v a prime number?
False
Let g(f) = -f**3 + 6*f**2 - 4*f - 1. Let a be g(5). Suppose -6*q = -7*q + a. Is q/(-14) - (-1380)/28 composite?
True
Let y(p) = -2*p - p - p + 355 + 3*p. Is y(0) a composite number?
True
Let o = 21 - 13. Suppose -o*x + 8 = -4*x. Suppose x*u - 30 = 80. Is u composite?
True
Let d(j) = j**3 + 5*j**2 + 4*j + 2. Let h be d(-4). Let f(c) = -2*c**3 + 224 + c**h - 83 + c**3. Is f(0) a prime number?
False
Let p(k) be the second derivative of -k**5/20 - 5*k**4/12 + k**3/6 + 7*k**2/2 - 5*k. Is p(-8) a composite number?
False
Let l = -4 - -20. Suppose d + 0*d + 3*o = -18, -4*d + 4*o + 8 = 0. Let z = d + l. Is z prime?
True
Let u(d) = 9*d**3 - d**2 + 3*d - 3. Let t = -2 - -4. Suppose q = 2*q - t. Is u(q) composite?
False
Let q = 42 + -21. Let g be 0 + -2*q/6. Is 2038/4 - g/(-14) a prime number?
True
Let p = 1384 + -569. Suppose 4*g - 5*u = 2*g + p, 0 = 4*g - u - 1657. Is g a composite number?
True
Let t(n) = n**3 + 13*n**2 - 15*n - 10. Let o be t(-14). Let c(x) = 57*x + 5. Is c(o) a prime number?
True
Suppose 2*z - v - 13520 = 0, -4*v = -7*v + 6. Is z a prime number?
True
Is 72711/19 - (-34)/323 prime?
False
Let c(o) = 11*o**3 + 27*o**2 - 23*o + 28. Is c(13) a prime number?
False
Suppose 1556 = -4*w + 328. Let d = -168 - w. Is d prime?
True
Let g(l) = 470*l + 2. Let j be g(-1). Let f = j - -1087. Suppose -4*m + 273 + f = 0. Is m a composite number?
False
Let o(f) = -f**3 + 19*f**2 + 10*f - 44. Let j be o(19). Let i = 324 - j. Is i composite?
True
Let o be ((-1611)/(-12))/((-2)/(-8)). Let x = 86 + o. Is x prime?
False
Let s = 131 - 119. Suppose s*m = 7*m - 20, p - 3*m - 4541 = 0. Is p a composite number?
True
Let f(r) = -33*r - 21*r + 3 - 1 - 5. Is f(-1) a composite number?
True
Let b(k) = 11*k**2 + 6*k - 10. Let u(t) = 12*t**2 + 6*t - 10. Let q(o) = -3*b(o) + 4*u(o). Is q(4) prime?
False
Let j(x) = 3*x + 179. Let t be (0/11)/(1 + -3). Is j(t) prime?
True
Suppose -3*c + 4310 = 2*x, 2*c + 4*x - 1448 - 1412 = 0. Let z = c - -183. Is z composite?
True
Let x be ((-432)/6)/(-6) - -4. Suppose -1442 = -x*s + 14*s. Is s a composite number?
True
Suppose 33*g = 4*g + 145. Let c be (2/(-4))/((-2)/8). Suppose c*i - 251 = y, 7*y - 3*y = -g*i + 595. Is i prime?
False
Let p = 15 + -17. Let i(d) = -d**3 - d**2 + d. Let m be i(p). Suppose -5*r + 4*v = -631, 2*r = 3*v - m*v + 253. Is r a composite number?
False
Let i be 6/(-27) - 58/(-18). Suppose 4 = -c + i*c. Is 1565/10 - c/(-4) composite?
False
Let o(u) = -u**3 - 5*u**2 - 2*u - 8. Let z be o(-5). Is z/4 - 1983/(-6) composite?
False
Let z be 23/((4/6)/((-88)/12)). Let j = -2 - z. Is j a composite number?
False
Let p = -4173 + 23576. Is p a composite number?
False
Let t = 2514 + -1678. Suppose 0 = 4*z - t - 840. Is z composite?
False
Suppose 3*s + 2*h - 12 = 0, 6*h - 12 = 2*h. Let u(w) = 54*w + 7. Is u(s) composite?
True
Suppose -3*a = -0*b - 2*b - 2, 3*b - 16 = -5*a. Let u(r) = 27*r**2 + 5. Is u(a) prime?
True
Let p = -80 - 27. Suppose 150 = z - 0*z. Let k = z - p. Is k composite?
False
Is (-86 - 0/2)/((-48)/4584) prime?
False
Is (1 + -3)/1*62845/(-10) a prime number?
True
Suppose 20*r + 179995 - 482615 = 0. Is r a composite number?
False
Suppose 0 = 5*b - 3734 - 3881. Is b composite?
False
Suppose -18*a = -16*a - 4020. Suppose 0 = k + 257 - a. Is k composite?
False
Let u be (2*-2)/((-4)/30). Let l = 37 - u. Is l prime?
True
Let u(h) = -h**3 - 13*h**2 - 2*h - 24. Let j be u(-13). Suppose -j*y + 178 = 4*k, 0 = 2*y + 2*k + k - 177. Is y composite?
True
Suppose -3*y - 3*p + 49905 = 0, -24*p - 66572 = -4*y - 20*p. Is y composite?
True
Let w = -6437 - -21277. Suppose -4*u - q + 11857 = 0, 0*u - 5*q = 5*u - w. Is u a prime number?
True
Suppose -2138 = -w - 721. Is w a composite number?
True
Let h be 4*4/16*-1. Let x be 4416/4 - 3/h. Suppose 4*v + 16 = 0, 3*w - x = -v + 32. Is w a prime number?
False
Let t = 1265 + 3193. Suppose 2*c - 2228 = 2*w, -w - w = -4*c + t. Is c a composite number?
True
Suppose 3*d + 5296 = g - 3463, 4*d + 2*g + 11682 = 0. Is d/(-6) + 7/21 prime?
True
Let i(o) = 47*o**2 + 3*o + 3. Suppose -3*j - 9*w - 18 = -4*w, -4*j - w = 24. Let v(r) = -46*r**2 - 3*r - 3. Let t(g) = j*i(g) - 7*v(g). Is t(4) composite?
True
Suppose -49*c = -53*c + 1764. Let u = 968 - c. Is u a composite number?
True
Let k = -20 - -20. Suppose 64 = -2*h - 2*i, 3*h + k*h = -2*i - 96. Let w = h - -70. Is w prime?
False
Suppose -5*n - 87*f + 21957 = -85*f, -n = 2*f - 4393. Is n composite?
False
Is ((-27565)/20 - -3)*-4 composite?
False
Suppose c = -4*c + 160. Suppose -186 = -6*w + 132. Let n = w - c. Is n composite?
True
Suppose u = -3*c + 114550, 0 = 2*c - 0 - 2. Is u composite?
False
Let q(i) = -i**3 - 19*i**2 - 12*i - 47. Is q(-21) composite?
False
Suppose o = -2*d - 2186 - 595, 5*d - 2*o + 6948 = 0. Let l = d + 2289. Is l a composite number?
True
Let y be (-9)/(3 + (-4)/1). Let h be (12/(-2))/(y/(-6)). Is (-1)/2 - (-358)/h composite?
False
Let u = 1867 - 650. Is u prime?
True
Let t = 60552 + -14531. Is t a prime number?
True
Let l = -61 - -66. Suppose -l*w = 5*j - 1450, 0*j - 4*j = -2*w - 1166. Is j a composite number?
True
Let n(k) = 4314*k + 319. Is n(3) composite?
True
Suppose -212230 = z - 39*z. Is z prime?
False
Is (-96183)/(-12)*(-4)/(-3) a composite number?
False
Is (3 - 3118/4)/((-17)/374) prime?
False
Let t(s) = 79*s - 3. Suppose -r = -f - 7, -4*f = -r - f + 17. Is t(r) a composite number?
True
Suppose 1218 = 3*p + 4*r, 0*r + 2*r = -6. Suppose 0 = -3*x, 0*l - 2*l + 2*x = -p. Is l a prime number?
False
Let d(s) = 22*s**3 + 5*s**2 - 10*s + 276. Is d(11) composite?
True
Let y = 15 - 10. Suppose 0 = -m - 2*v + 466, -2*m + 928 = -0*m + y*v. Let g = m + -145. Is g composite?
True
Let p = -24 + 28. Suppose p*j - 259 - 282 = -v, 5*j - 675 = -v. Is j a composite number?
True
Let f = 21 + -15. Let h be (-2)/f + 204/18. Let q = 78 + h. Is q prime?
True
Is ((-63)/(-14) - 5)*(-1282)/1 a composite number?
False
Let v = 389 - -1124. Is v prime?
False
Let c(z) = -z**3 + 1